 k(x). Calculate j(0).
7
Let x be (-1 - 0)*-1 - (5 - 6). Suppose 2*c - 18 = -4*m, 4*m + 0 = x*c + 14. Let z(d) = d**3 - 4*d**2 - 3*d + 6. What is z(m)?
-6
Let v = -112 - -71. Let c = -35 - v. Let p(l) = -l**3 + 5*l**2 + 7*l. What is p(c)?
6
Let v(j) = 11*j - 8. Let w(b) = 7*b - 5. Let q(z) = -5*v(z) + 8*w(z). Determine q(7).
7
Let f(j) = -j + 8. Let s be 8/28 + 9*22/42. What is f(s)?
3
Let j(d) = d + 5. Let m be (16/(-20))/4 - 58/10. What is j(m)?
-1
Suppose 3*o + 0*o + 5*u = 17, -5*o + 4*u + 16 = 0. Let z(k) be the third derivative of -k**6/120 + k**5/15 + k**4/24 + 2*k**3/3 - 535*k**2. Determine z(o).
8
Let l(k) = -k**3 + 3*k**2 + 4*k + 4. Let x be l(4). Suppose x*r - 12 = r. Suppose r*m - 6*m + 8 = 0. Let p(i) = -3*i + 5. What is p(m)?
-7
Let w(f) = -3*f - 46. Let n(v) = -v - 16. Let m(i) = 17*n(i) - 6*w(i). Calculate m(6).
10
Let w(x) be the first derivative of -7*x**4/2 - x**3/3 - 1. Suppose -4*m - 9 = -d, -5*m - 5*d + 6 = -14. Calculate w(m).
13
Let x(g) = 22*g**3 - g**2 + g - 1. Let f = -78 - -79. Give x(f).
21
Let l(a) be the third derivative of a**6/120 + a**5/15 + a**4/12 - a**3/6 - a**2 - 44. What is l(-4)?
-9
Let y(r) = 7*r - 1. Let k(b) = 30*b - 5. Let d(c) = -k(c) + 4*y(c). Let h(v) be the first derivative of v**3/3 + v**2 - 5*v - 2. Let f be h(-4). Calculate d(f).
-5
Let v(s) = -4*s**2 + 2*s + 1. Let c = -259 + 258. Determine v(c).
-5
Suppose 0*x - x - 3*j - 18 = 0, x - 4*j = 17. Let b(u) = -3*u**2 - 4*u - 5. Let p(i) = 2*i**2 + 3*i + 4. Let s(d) = 3*b(d) + 4*p(d). Calculate s(x).
-8
Let w(y) = -y**3 + 9*y**2 - 13*y - 7. Suppose -6*i - 7*i = -91. What is w(i)?
0
Let a(h) be the third derivative of -h**4/12 - h**3/6 - 25*h**2 + 3. Give a(-6).
11
Let y(t) = -t**3 - 4*t**2 - 6*t - 7. Let g be y(-3). Let x(i) = -7*i - g*i - 1 - 4*i + 14*i. Determine x(-3).
-4
Let g(t) = -t**3 + 2*t**2 + t + 1. Let b(u) = 2*u**3 + 5*u**2 - 14*u - 8. Let a(v) = b(v) + 3*g(v). Give a(10).
-15
Let y(d) = 76*d + 374. Let u be y(-5). Let s(k) = k**3 + 7*k**2 + 5*k + 2. Give s(u).
8
Let d(t) = -t - 9. Suppose -10*u + 5 = -8*u - 3*r, -4*r + 5 = -5*u. Determine d(u).
-4
Let j(o) be the first derivative of -o**3/3 - 9*o**2/2 - 21*o - 164. Calculate j(-6).
-3
Let b = -59 - -64. Suppose 17 = -b*o + 7. Let t(i) = -3*i + 1. Give t(o).
7
Let u(o) = 2*o**3 + 2*o**2 - 2*o + 1. Let x(n) = n**2 - 3*n - 3. Let f be x(4). Determine u(f).
3
Let a(z) = -3*z + 4. Let i(r) = 2*r**2 + 9*r + 15. Let j be i(-5). Suppose -4*c + j = 4*u, 2*c - u - 3 = 10. Calculate a(c).
-14
Let q(b) = 2*b**2 - b. Let x(k) = -15*k**2 + 19*k + 24. Let s(j) = -8*q(j) - x(j). Calculate s(-6).
6
Let n(t) = -2*t - 8. Let j be n(3). Let m be j/((3 - 6) + 5). Let c(g) = g**2 + 10*g + 1. What is c(m)?
-20
Let y = 2 + -10. Let c = y + 13. Suppose -2 + 12 = -c*s. Let p(h) = -h**3 - 4*h**2 - 4*h - 3. Give p(s).
-3
Let y(r) be the first derivative of r**4/4 - 2*r**3 + 7*r - 2. Let w(n) be the third derivative of n**5/60 + n**3/3 - 5*n**2. Let m be w(-2). Calculate y(m).
7
Suppose 0 = 2*i + 9 - 1. Let u(r) = r**2 - 7 + 3*r + 7. Calculate u(i).
4
Let b(y) = y**3 + 2*y**2 + y - 2. Let u = 1977 + -1975. Give b(u).
16
Let u(s) be the second derivative of s**4/12 - 2*s**3/3 + 7*s**2/2 + 25*s. Suppose 3*p = -3*f + 6, -5*f = -2*p - 10*f - 5. What is u(p)?
12
Suppose -2*t + 2*q = -3*q - 31, 4*q = -3*t - 11. Let u(m) = -7*m - 6*m + 14*m + t - 2*m. Calculate u(-7).
10
Let o(x) = 2*x - 2. Let y be o(2). Suppose 5*n + 5*i + 3 = -y, -2*n = -i + 17. Let l = 7 + n. Let b(z) = -7*z**2 - z + 1. What is b(l)?
-7
Let j(f) = f**3 - f**2 + f - 6. Suppose -22*p + 13*p = 0. Determine j(p).
-6
Let g(m) = -7*m + 2. Let c be 4/26 + (-84)/39. Let x be g(c). Suppose 0 = 4*s - 0*s + x. Let z(b) = -b**2 - 5*b + 1. What is z(s)?
5
Let r be (10/3*3)/(-1 - -2). Let g(c) = 0*c - 6 - 8 + 2*c. Let b be g(r). Let k(t) = t**3 - 7*t**2 + 7*t. Give k(b).
6
Let c(b) = 2 + 31*b**3 - 4*b**3 + 5 - 26*b**3 + 11*b + 7*b**2. Give c(-5).
2
Suppose 0 = 3*x + 13*x - 80. Let o(q) = -2*q + 4. Give o(x).
-6
Let u(v) be the first derivative of -52 - 5*v - 2*v**2 + 2*v**3 - 1/4*v**4. Let b = 6 - 2. Calculate u(b).
11
Let k(x) = 2*x**3 - 3*x**3 + 2 - 3*x**2 - x**2 + x**2. Let m be k(-3). Let n(a) = -16*a - 12. Let f(i) = i + 1. Let s(q) = 12*f(q) + n(q). Calculate s(m).
-8
Let l(a) = -a - 1. Let r be 7 + -3 - 3 - -2. Suppose r*x - 5 - 1 = 0. Suppose -x*q + 2 = 8. What is l(q)?
2
Let r = -806 - -804. Let s(a) = a**2 - 3*a + 3. Calculate s(r).
13
Let v(r) = -12 + 2*r**2 - r**2 - 172*r - 176*r - 176*r + 523*r. What is v(4)?
0
Suppose -136*h = -141*h + 510. Let f(j) = 35*j - h*j + 35*j + 33*j. Determine f(9).
9
Let c(o) = -3*o + 1. Let p = 70 + -62. Let i be (-4)/4 + p*1. Calculate c(i).
-20
Let t(p) = p - 37. Let n be 128/192 - (10/6 - 1). Determine t(n).
-37
Suppose 2*k + 6 = 4. Let v(y) be the third derivative of y**7/630 + y**5/120 + 5*y**4/24 + 5*y**2. Let h(a) be the second derivative of v(a). Calculate h(k).
5
Let h(i) = 2*i + 6*i - 3*i + 6 - 6*i. Calculate h(-5).
11
Let m(h) = -7*h + 10. Let l(i) = -9 - 6 + 14*i - 4. Let o(k) = 4*l(k) + 7*m(k). Give o(4).
22
Let i(l) be the third derivative of l**6/120 + l**5/10 + l**4/6 - l**3/3 - 2*l**2 - 66*l. Determine i(-4).
14
Let k(u) = u**3 + 6*u**2 + u + 3. Suppose 3*p = -4*p + 42. Suppose 5*l - 6*l - p = 0. What is k(l)?
-3
Suppose -3*n - 1 = -10. Let f(i) = 2*i - n*i + i + 4*i. Determine f(2).
8
Let u(b) = -3*b + 9. Suppose 0 = -2*x - 2*v - 8, 12*x - 4*v = 8*x - 48. Calculate u(x).
33
Let j(z) be the third derivative of 3*z**4/8 - z**3/2 + 718*z**2. What is j(-2)?
-21
Let u(s) = s - 29. Let j(z) = -8*z - 96. Let c be j(-12). What is u(c)?
-29
Let r(m) = 4*m**2 - 2*m + m**3 + 4*m**2 - 5*m**2. Let y(j) = -j**2 - 11*j - 18. Let k be y(-10). Let p be ((-4)/k)/((-3)/12). What is r(p)?
8
Let a = 432 - 433. Let h(r) = -21*r**2 - r. What is h(a)?
-20
Let b(r) = -3*r + 1. Suppose 3*x - 10*x = 28. Give b(x).
13
Let w(h) = 4*h**3 + 4*h**2 - 8*h + 13. Let z(f) = f**3 + f**2 - f + 2. Let u(n) = -w(n) + 5*z(n). Let c = -3 - -5. Determine u(c).
15
Let v be 4*((-9)/12 + 0). Suppose 5*q + 1 + 14 = 0. Let g be q - (-3)/v*-3. Let o(l) = l**2 + l + 13. Calculate o(g).
13
Let t(m) = -m - 3. Let d(w) = -14*w - 10. Let q(j) = d(j) - 8*t(j). What is q(2)?
2
Let v(w) be the third derivative of -6*w**2 + 0*w + 1/8*w**4 + 7/6*w**3 + 0. Let l be -1 + ((-12)/2 - -2). Calculate v(l).
-8
Suppose 3*h - 9 = -2*q, -5*h = q - 28 + 20. Let m(l) = 11*l - 27. What is m(q)?
6
Let i(j) = 25*j**2 + 30*j + 13. Let f(w) = -6*w**2 - 7*w - 3. Let q(s) = -9*f(s) - 2*i(s). Calculate q(-2).
11
Let w(q) = 5*q**3 - 14*q**2 + 4*q + 13. Let y(g) = 2*g**3 - 10*g**3 - g + 9*g**3 + 1 - g**2. Let o(j) = -w(j) + 4*y(j). What is o(9)?
0
Let s(m) = -m**2 - m + 2. Let v = -2 - -5. Suppose 9*w - 444 = -156. Suppose -3*t - 31 = 5*l + 1, v*l + w = -5*t. Determine s(t).
-10
Suppose -r = 3*r - 24. Let c(h) = -h**3 + 6*h**2 + h + 2. Let g be c(r). Let x(n) = n**3 - 8*n**2 + n. What is x(g)?
8
Let t(b) = 8*b**2 - 15*b + 16. Let p(j) = 9*j**2 - 13*j + 13. Let y(d) = -6*p(d) + 5*t(d). Calculate y(-1).
-15
Suppose 9*p = 26*p - 51. Let b(z) = z**3 - z**2 - z. Let j(t) = 3*t**3 - 4*t**2 - 5*t - 1. Let a(u) = 2*b(u) - j(u). Calculate a(p).
1
Let i(v) = -3*v**2 - 9*v + 5. Let j(c) = 4*c**2 + 9*c - 4. Let q(z) = 5*i(z) + 4*j(z). Let u = 1 - -6. Give q(u).
-5
Let p(d) be the third derivative of -d**6/120 - d**5/12 - d**4/8 + d**2 - 26*d. Calculate p(-2).
-6
Let s(c) = 2*c**3 + c**2 - 3*c - 1. Suppose -24*q = -22*q + 4. Calculate s(q).
-7
Let q(l) = l**3 + 0 + 4 - 3*l**2 - 2*l - 1 - 7. Determine q(4).
4
Let l(s) = -s + 4. Suppose 0 = -g + 4*g - 3. Suppose -2*x - 8 = 0, -o - 4*x - 12 - g = 0. Suppose -o*p + 30 = 5*q, 0 = -3*q + 2*q + 2*p - 7. Determine l(q).
1
Let s(o) = 9*o**2 - 6*o - 5. Let a be (-9)/(-15) + 27/5. Let x(k) = -10*k**2 + 7*k + 6. Let j(u) = a*s(u) + 5*x(u). Give j(-1).
5
Let w(z) = z - 19. Let s be w(12). Suppose -6*x - 12 + 72 = 0. Let n(p) = -2*p**2 - 19*p + x + 14*p + p**2. Calculate n(s).
-4
Let d(z) = z**3 + 9*z**2 - 10*z + 5. Let c be d(-10). Let x(u) = -3*u + 13. Let o(f) = -2*f + 7. Let t(a) = c*o(a) - 3*x(a). Give t(0).
-4
Let g(q) = q**3 - 4*q**2 + 6*q - 5. Let b = 13 + 61. Suppose -4*x + b = -54. Let l be (x/(-20))/(2/(-5)). Determine g(l).
19
Suppose -2*a + 